 1. Let s(b) = -b + 6. Let a be s(0). Suppose 3*v = 6*v + g - a, 5*v - 2 = g. Determine l(v).
0
Suppose -8 = -2*r + r. Let i(g) be the third derivative of -g**6/120 + 3*g**5/20 - 7*g**4/24 - g**3/6 - 2460*g**2. Determine i(r).
7
Let k(s) be the first derivative of -s**2 + 4*s - 3. Let y = 0 - -2. Suppose y*g + 2*g = 12. Determine k(g).
-2
Let t(o) = -o**2 + 0 + 5 - 1. Suppose -5*j = 13*q - 16*q - 19, 0 = -j + 2. Calculate t(q).
-5
Let c(b) = 15*b + 2. Suppose 0 = 21*u - 6*u + 30. What is c(u)?
-28
Let n(o) be the first derivative of -5/3*o**3 + 1/4*o**4 - 2*o + 10 - 7/2*o**2. Determine n(6).
-8
Suppose -1 = -4*y + 11. Suppose 0 = y*r - 0*v + 2*v - 5, 6 = 4*r + 2*v. Let h(t) = 6*t + 9. Let x(w) = -3*w - 5. Let z(g) = -6*h(g) - 11*x(g). Give z(r).
-2
Let l(b) = -b**3 + 5*b**2 + 8*b - 10. Let n be l(6). Suppose 2*y - n = 2*k, -3*y - 29 = 4*k + k. Let a(u) = -u - 4. Give a(k).
0
Let w(m) be the first derivative of -m**6/120 + m**5/20 - m**4/24 + 2*m**3/3 + 15*m**2/2 - 11. Let s(j) be the second derivative of w(j). Determine s(3).
1
Let b(c) = -c**2 + 6*c + 4. Let t(w) be the third derivative of 2*w**5/15 + 7*w**4/24 + 5*w**3/6 + 49*w**2. Let f be t(-1). Give b(f).
4
Let s(n) = -6 - 5*n + 10*n + 1 - 10*n + 4. Calculate s(-2).
9
Let g(u) = -u**2 - 5*u + 2. Let j(n) = -n + 17. Let p(d) = -d + 8. Let m(q) = 2*j(q) - 5*p(q). Let o be m(8). Let f be o/4*2/(-3). Calculate g(f).
8
Let n(a) be the third derivative of -a**4/12 - a**3/2 - a**2 + 314. What is n(7)?
-17
Let j(n) = -n + 1. Let v be j(4). Let x(h) be the first derivative of -h**5/20 - h**4/6 - h**2 + 2*h - 2. Let a(r) be the first derivative of x(r). Give a(v).
7
Let w be 1/1 + 4/1. Suppose 0 = w*s + 2 - 7. Let z(l) = -139*l**3 + l - 149*l**3 + 279*l**3. Determine z(s).
-8
Suppose 37*s + 4*j + 24 = 35*s, -2*s - 3*j = 24. Let i(d) = 3*d + 28. Calculate i(s).
-8
Let b(r) = -r**2 - 4*r - 2. Let m(c) = c**2 - c - 4. Let z be m(-2). Suppose 0 = z*d - 5*s + 3*s + 14, 2*d = -3*s - 4. What is b(d)?
-7
Suppose -k + 3 = 2*d, 3*k + d = k + 15. Suppose 7*m = k*m - 4*f - 10, -4*m + 2*f = -2. Let b(o) = o**2 + o + 1. Calculate b(m).
1
Let u(z) = -z**3 - 14*z**2 + 17*z + 2. Let p be -5 - 28/3 - (-20)/(-30). What is u(p)?
-28
Let v(a) = -3*a**2 + 18*a + 16. Let z(j) = 8*j**2 - 52*j - 49. Let x(n) = -11*v(n) - 4*z(n). What is x(-5)?
-5
Let b(o) = 768*o - 4 - 4 + 3*o**3 + 0*o**3 - 2*o**3 - 774*o - 6*o**2. Let t be (2/((-4)/(-14)))/1. What is b(t)?
-1
Let d(n) = -3 + 6*n - 11*n + 9 + 9*n. Determine d(-1).
2
Let p(z) = 3*z**3 + 9*z**2 + 11*z - 18. Let n(x) = 5*x**3 + 8*x**2 + 10*x - 18. Let k(b) = 2*n(b) - 3*p(b). Give k(12).
6
Let s = -416 - -425. Let h(z) = -z**3 + 9*z**2 + 3*z - 19. Calculate h(s).
8
Suppose 8*v - 4*v - 76 = 0. Let z = v + -16. Let o(s) = -6 + s**z + 3*s - 10*s**2 + 4*s - s + 3*s**2. Determine o(6).
-6
Suppose -2*c - 11 = 3*l - 2, 4*l = 3*c + 56. Let o be -1 + c/(4 + 0). Let s(a) = a + 4. Give s(o).
0
Let k(r) = r**2 + 8*r + 1. Let l(i) = i + 4. Let y be l(-13). What is k(y)?
10
Let h(n) = 5*n - 1. Let b be h(-4). Let z = b - -18. Let j(y) = -y**3 - 2*y**2 + y. What is j(z)?
6
Let k(r) = 2 + 3 + 6 - r. Let h(u) = -u**2 - 2*u + 12. Let s be h(-5). Let z = s + 11. Determine k(z).
3
Let t(g) = 9*g + 8. Suppose -44 - 72 = 58*w. Calculate t(w).
-10
Let n(r) = 10*r**2. Let p be 260/70 - 5/(105/(-6)). Suppose -5*c + 7 = 3*v, 4*c - p = -4*v - 0*v. Give n(v).
10
Let u(d) = -3*d**3 - 16 - 15*d - 2 + 2*d**3 + 87*d**2 - 101*d**2. Calculate u(-13).
8
Let w(p) = -2*p**2 - 3*p - 3. Let h = -13 + 15. Suppose 0 = 5*x + 3*m + h*m - 45, -x + m + 1 = 0. Suppose 3*u + 6 + 6 = 0, 0 = -5*i + x*u + 10. What is w(i)?
-5
Let z = 605 - 608. Let n(y) = -y**2 + y + 8. What is n(z)?
-4
Let y(w) = 29*w + 445. Let d be y(-15). Let b(c) = c**2 - 9*c + 12. Give b(d).
22
Let n(h) = h**3 - 6*h**2 + 4*h - 5. Suppose -2*y + 7*y = -455. Let g = 95 + y. What is n(g)?
-21
Let q be (1/2)/(4 + -3). Let t(w) be the first derivative of 3 - 1/3*w**3 + 0*w - q*w**2. Give t(-1).
0
Let q(j) be the third derivative of -32*j**2 + 0*j - 7/6*j**3 + 0 - 3/8*j**4 - 1/60*j**5. Give q(-7).
7
Suppose -y - 9 = -3*t, -t = -2*y - 3*t - 10. Let o be (-58)/(-15) + y/(-45). Let a(s) = 2 - o - 14*s + 11*s. What is a(-5)?
13
Let i be 2/(-3)*(-4 + 7). Let z(c) be the second derivative of c**4/6 + c**3/6 - c**2 - 662*c. What is z(i)?
4
Suppose 0 = -3*k + 3*c + 6, -2*k - 2*c = -c - 19. Let g(w) be the third derivative of -7/24*w**4 + 0*w + 0 - 4*w**2 - 1/2*w**3 + 1/60*w**5. What is g(k)?
-3
Let i(y) be the third derivative of -y**6/120 - y**5/30 - y**3/2 + 1304*y**2. Suppose 0 = -m - 2*m. Suppose 0 = c - m + 3. What is i(c)?
6
Let a(b) = -b**3 - 9*b**2 + 4*b + 11. Suppose -51 = r - 42. Calculate a(r).
-25
Let q = -336 + 336. Let o(p) = -p**2 + p + 9. Give o(q).
9
Let k be ((-6)/(-10))/((-2)/(-10)). Let n(i) = 17 + 2*i**2 - 18 + k*i**2. Calculate n(-1).
4
Let d = -80 - -80. Let a(g) = d*g + g**2 + 0 + 3 + 7*g - 8. What is a(-6)?
-11
Suppose 55 = 7*n - 12*n + 5*l, -2*l - 8 = n. Let b(q) = -q**3 - 10*q**2 + 3*q - 11. Calculate b(n).
-41
Suppose 88 = -3*c + c. Let k = -41 - c. Let s(q) = -2*q**3 - 4 - q**2 + 3*q**3 + 0*q**2 - 2*q**2. What is s(k)?
-4
Let a(s) = -2*s. Let b be (-5)/20 + (-75)/(-12). Let m be (-8)/b*3/(-2). What is a(m)?
-4
Let u(d) = d**2 + 9*d + 6. Let h(c) = c**2 + 8*c + 10. Let k be h(-8). Let o = 3 - k. Determine u(o).
-8
Let q(w) = w - 9. Suppose 2*f = -13 + 53. Suppose -3*k - 5 = -f. Suppose 5*t + 20 = 5*u, k*u - 2*t = -0*u + 20. Give q(u).
-5
Let b = 43 - 73. Let o = 35 + b. Let j(n) = -n - 1. What is j(o)?
-6
Let k(j) be the third derivative of j**5/60 + 7*j**4/24 - 5*j**3/3 + j**2 - 12*j. Suppose 16*v = 18*v + 14. Calculate k(v).
-10
Let x be (30/(-18)*9/(-15))/2. Let d(q) be the first derivative of 1 + 2*q + x*q**2. Calculate d(-6).
-4
Let c(o) = 209*o**3 + 3*o + 205*o**3 + 2*o**2 + 213*o**3 - 632*o**3 - o + 1. Calculate c(-1).
6
Let k(z) = -4*z**3 - 22*z**2 - 10*z + 1. Let c be k(-5). Let q(u) = -46*u. Calculate q(c).
-46
Let i(n) = -n**2 - 8*n + 11. Let y be i(-9). Let o be y + 1 - (1 - -1). Let k be o/(-2) + 14/(-4). Let v(z) = 3*z + 4. What is v(k)?
-8
Let r(o) = 5*o**2 - 3. Let b(z) = -8*z**2 + z + 7. Let h(f) = 3*b(f) + 5*r(f). Calculate h(-4).
10
Let i(m) = m**3 + m**2 + 2*m. Let k(g) = -2*g**3 - 8*g**2 - 9*g - 2. Let b(t) = i(t) + k(t). Let o = -14 - -8. What is b(o)?
4
Let o(f) be the third derivative of f**8/20160 - f**7/630 + f**6/144 + 17*f**5/60 - 45*f**2. Let n(g) be the third derivative of o(g). Give n(4).
-11
Let k(s) = s**2 + s. Let u(f) = f**2 - f - 1. Let z(r) = 3*k(r) - u(r). Give z(-3).
7
Suppose -11 = -f - s, -2*s + 7 - 3 = -f. Let p(n) = 2 + f - 4 - 2 - 2*n. Give p(4).
-6
Let g be 384/(-3)*7/14. Let p be (-16)/g - 2/8. Let c(n) = n**3 + n**2 - n + 18. Determine c(p).
18
Let k = 25 + -26. Let c(u) be the third derivative of 17*u**4/24 + u**3/6 - 2*u**2. Determine c(k).
-16
Suppose -l - 4*l - 26 = -2*i, -l + 8 = 4*i. Let k(s) be the second derivative of -s**5/20 + s**4/3 - s**3/6 - 3*s**2/2 + 25*s. Give k(i).
3
Let v(a) = 14*a**2 - 4*a + 9. Let q(s) = 27*s**2 - 9*s + 20. Let w(b) = -4*q(b) + 9*v(b). Calculate w(-1).
19
Let v(r) = -r**2 + 14 + 7*r - 2*r - 8*r. What is v(-6)?
-4
Let g(h) = 10*h - 9. Let r be g(2). Suppose 4*f - 43 = 5*s, -5*f = 3*s - 0*s + r. Let z(y) = y**2 + 10*y + 8. What is z(s)?
-13
Suppose -4*x - 35 = -5*j, 19*j + 7 = 18*j - 2*x. Let w(f) = -2*f**3 + 5*f**2 - f - 2. Determine w(j).
-14
Let c(g) = g**2 + 3*g. Let j = 87 - 89. Determine c(j).
-2
Let v(q) = -2*q**3 - 4*q + q**3 - 13 + 7*q**2 + 2. Determine v(6).
1
Let v(q) = -q**3 + 25*q**2 + 27*q - 18. Let i be v(26). Let l be -6 - (3 - (i + -4)). Let d(p) = 2*p**2 + 7*p - 1. Give d(l).
14
Let v = 2192 - 2187. Let w(r) be the third derivative of -10*r**2 + 1/6*r**3 - 7/60*r**v + 0*r**4 + 0 + 0*r. Calculate w(-1).
-6
Let w(r) = -5*r + 29. Suppose 3*q = -5*c + 29, -5*q - 22*c + 11 = -23*c. Give w(q).
14
Let r(j) = 4*j + 3. Let z be r(-1). Let y(a) = 11*a + 1. Determine y(z).
-10
Let r be (-2 - 2) + -14 + 22. Let q(t) = -t**3 + 3*t**2 + 7*t - 5. Calculate q(r).
7
Let f(i) = 20 + 22*i - 114 + 20 + 19 + 31 + i**2. Calculate f(-23).
-1
Let u(z) = -7*z - 5 + 4 - 16*z. What is u(1)?
-24
Let f = 13 + -13. Let m(z) = 0 - 3*z**3 + 2*z + 1 + f*z**3 + 2*z**3 +